in base 13?
-c
What is -183 (base 9) in base 8?
-234
-5 (base 8) to base 7
-5
Convert -34 (base 14) to base 9.
-51
What is -21221 (base 3) in base 4?
-3112
-28 (base 9) to base 2
-11010
Convert -3 (base 7) to base 9.
-3
23 (base 12) to base 5
102
Convert -1 (base 16) to base 7.
-1
-3 (base 11) to base 10
-3
Convert 24 (base 5) to base 9.
15
Convert -3 (base 8) to base 15.
-3
-14 (base 9) to base 12
-11
Convert -79 (base 10) to base 4.
-1033
Convert -6 (base 8) to base 15.
-6
Convert 4c (base 13) to base 6.
144
-2312 (base 4) to base 12
-132
Convert -3 (base 13) to base 14.
-3
Convert 0 (base 10) to base 8.
0
What is 0 (base 7) in base 11?
0
What is -5 (base 16) in base 7?
-5
0 (base 3) to base 16
0
Convert -31 (base 11) to base 4.
-202
51 (base 11) to base 7
110
0 (base 11) to base 12
0
What is -1111 (base 3) in base 8?
-50
210 (base 6) to base 2
1001110
What is 101 (base 9) in base 13?
64
Convert 0 (base 2) to base 14.
0
-5 (base 8) to base 6
-5
Convert 11 (base 2) to base 3.
10
48 (base 16) to base 7
132
Convert 16 (base 11) to base 4.
101
Convert -41 (base 8) to base 13.
-27
What is -238 (base 9) in base 8?
-305
Convert -6 (base 16) to base 13.
-6
Convert 7 (base 16) to base 4.
13
Convert 2 (base 12) to base 16.
2
-220 (base 4) to base 6
-104
What is 10 (base 3) in base 4?
3
What is -14 (base 12) in base 6?
-24
What is 24 (base 9) in base 16?
16
7 (base 13) to base 6
11
What is -2 (base 10) in base 12?
-2
2020 (base 3) to base 16
3c
39 (base 15) to base 5
204
-11 (base 12) to base 11
-12
Convert 2 (base 13) to base 2.
10
What is 15 (base 7) in base 5?
22
-1001 (base 2) to base 10
-9
What is -14 (base 9) in base 5?
-23
Convert -9 (base 12) to base 5.
-14
4 (base 5) to base 11
4
-5 (base 8) to base 16
-5
Convert 2 (base 8) to base 9.
2
Convert 36 (base 13) to base 14.
33
Convert 30 (base 14) to base 10.
42
What is 6 (base 16) in base 10?
6
5 (base 13) to base 6
5
What is 4 (base 12) in base 14?
4
Convert -22 (base 12) to base 2.
-11010
Convert -1111 (base 4) to base 9.
-104
What is 56 (base 7) in base 11?
38
Convert 10111 (base 2) to base 8.
27
What is -11 (base 5) in base 16?
-6
Convert 0 (base 4) to base 3.
0
113 (base 6) to base 7
63
What is -3 (base 16) in base 6?
-3
What is 10 (base 3) in base 13?
3
What is 16 (base 13) in base 16?
13
Convert 111000 (base 2) to base 5.
211
Convert 5 (base 6) to base 3.
12
Convert 1100 (base 2) to base 12.
10
Convert -7 (base 12) to base 2.
-111
What is 100000 (base 2) in base 11?
2a
Convert 111 (base 10) to base 7.
216
-1 (base 13) to base 8
-1
-3 (base 6) to base 7
-3
Convert 101 (base 3) to base 7.
13
What is -1 (base 16) in base 6?
-1
31 (base 5) to base 15
11
a2 (base 13) to base 7
246
-21 (base 8) to base 13
-14
What is 16 (base 13) in base 15?
14
Convert 67 (base 15) to base 16.
61
Convert -13 (base 8) to base 7.
-14
What is -4 (base 16) in base 4?
-10
Convert -47 (base 13) to base 5.
-214
-2 (base 8) to base 7
-2
Convert 3 (base 7) to base 6.
3
12111 (base 3) to base 12
104
What is -21 (base 4) in base 13?
-9
2 (base 16) to base 8
2
-121 (base 6) to base 11
-45
3 (base 15) to base 12
3
-4 (base 6) to base 12
-4
Convert e (base 16) to base 13.
11
Convert -113 (base 7) to base 9.
-65
-1 (base 13) to base 9
-1
Convert -76 (base 8) to base 13.
-4a
9 (base 15) to base 8
11
Convert 0 (base 10) to base 16.
0
Convert 11 (base 3) to base 4.
10
10010 (base 2) to base 11
17
What is -13 (base 5) in base 4?
-20
Convert 31 (base 5) to base 2.
10000
What is -2 (base 6) in base 4?
-2
Convert 87 (base 10) to base 12.
73
What is 11b (base 15) in base 10?
251
Convert -1140 (base 5) to base 14.
-c2
Convert 110001 (base 2) to base 14.
37
Convert 29 (base 16) to base 7.
56
What is 22 (base 11) in base 5?
44
Convert 10 (base 2) to base 11.
2
Convert 7 (base 16) to base 4.
13
Convert -13 (base 9) to base 4.
-30
-4 (base 15) to base 9
-4
-110011 (base 2) to base 8
-63
21 (base 5) to base 12
b
What is -20 (base 5) in base 9?
-11
Convert -45 (base 15) to base 5.
-230
11 (base 3) to base 2
100
366 (base 8) to base 11
204
-4 (base 11) to base 8
-4
Convert -7 (base 8) to base 14.
-7
Convert 27 (base 8) to base 6.
35
-34 (base 14) to base 10
-46
What is -101 (base 2) in base 3?
-12
Convert 101 (base 3) to base 12.
a
16 (base 10) to base 12
14
What is -2 (base 3) in base 11?
-2
What is 8 (base 9) in base 6?
12
22 (base 9) to base 12
18
Convert 2 (base 16) to base 7.
2
What is 11 (base 13) in base 14?
10
What is -3 (base 12) in base 15?
-3
-5 (base 12) to base 7
-5
0 (base 14) to base 8
0
What is 3 (base 5) in base 14?
3
What is -102 (base 4) in base 5?
-33
-122 (base 3) to base 5
-32
Convert -37 (base 11) to base 9.
-44
What is -53 (base 6) in base 9?
-36
4 (base 10) to base 13
4
What is 432 (base 9) in base 10?
353
-2 (base 14) to base 9
-2
What is 39 (base 13) in base 15?
33
What is 21 (base 3) in base 15?
7
What is -4 (base 10) in base 7?
-4
What is 108 (base 15) in base 4?
3221
267 (base 8) to base 14
d1
-2 (base 13) to base 6
-2
-6 (base 7) to base 6
-10
What is -24 (base 5) in base 16?
-e
What is -1 (base 3) in base 2?
-1
-223 (base 4) to base 10
-43
Convert -111 (base 2) to base 7.
-10
Convert -24 (base 6) to base 3.
-121
What is 2 (base 10) in base 15?
2
What is -4 (base 8) in base 12?
-4
312 (base 6) to base 13
8c
What is -110 (base 4) in base 5?
-40
Convert 27 (base 16) to base 12.
33
What is -7 (base 9) in base 13?
-7
38 (base 10) to base 14
2a
Convert 9 (base 14) to base 10.
9
Convert -4 (base 5) to base 15.
-4
What is 23 (base 10) in base 15?
18
Convert -10 (base 9) to base 8.
-11
What is 41 (base 13) in base 12?
45
-2 (base 6) to base 2
-10
Convert -104 (base 5) to base 14.
-21
228 (base 9) to base 3
20222
What is 0 (base 14) in base 10?
0
What is 9 (base 13) in base 8?
11
What is 14 (base 7) in base 4?
23
Convert -2121 (base 3) to base 5.
-240
12 (base 8) to base 14
a
What is -4 (base 14) in base 2?
-100
What is 6 (base 15) in base 8?
6
What is -2 (base 5) in base 9?
-2
-3 (base 8) to base 3
-10
-62 (base 7) to base 8
-54
12 (base 6) to base 15
8
What is 41 (base 5) in base 3?
210
25 (base 11) to base 16
1b
What is -2 (base 10) in base 13?
-2
21 (base 8) to base 5
32
Convert 1 (base 12) to base 3.
1
Convert 1 (base 14) to base 16.
1
10 (base 13) to base 14
d
What is 34 (base 15) in base 11?
45
Convert 1114 (base 7) to base 14.
20b
What is -3 (base 4) in base 5?
-3
Convert -10 (base 14) to base 9.
-15
What is 62 (base 12) in base 6?
202
What is 100000100 (base 2) in base 7?
521
Convert 17 (base 14) to base 2.
10101
What is -cb (base 16) in base 9?
-245
Convert -2 (base 6) to base 7.
-2
Convert 0 (base 12) to base 6.
0
What is a (base 11) in base 15?
a
Convert -2 (base 3) to base 2.
-10
What is 1111 (base 2) in base 10?
15
24 (base 7) to base 14
14
14 (base 12) to base 16
10
-35 (base 15) to base 11
-46
-44 (base 10) to base 8
-54
Convert -5 (base 7) to base 2.
-101
What is -14 (base 14) in base 8?
-22
Convert -5 (base 7) to base 10.
-5
What is -12 (base 10) in base 16?
-c
What is -46 (base 10) in base 7?
-64
1121 (base 3) to base 2
101011
What is 8 (base 15) in base 8?
10
Convert 31 (base 9) to base 8.
34
What is -10 (base 6) in base 4?
-12
What is 3 (base 16) in base 7?
3
1 (base 8) to base 16
1
What is -12 (base 3) in base 9?
-5
What is 14 (base 14) in base 6?
30
What is -1213 (base 4) in base 7?
-205
What is 111 (base 15) in base 2?
11110001
Convert 10 (base 3) to base 5.
3
What is 75 (base 11) in base 13?
64
What is 263 (base 7) in base 14?
a3
What is -25 (base 11) in base 16?
-1b
What is -51 (base 6) in base 12?
-27
11 (base 6) to base 15
7
Convert -16 (base 7) to base 13.
-10
551 (base 6) to base 14
111
-102 (base 4) to base 11
-17
Convert 11 (base 9) to base 6.
14
10101 (base 3) to base 13
70
-1 (base 8) to base 16
-1
What is -10 (base 7) in base 15?
-7
Convert -140 (base 7) to base 13.
-5c
-36 (base 7) to base 12
-23
-202 (base 3) to base 9
-22
What is -46 (base 16) in base 7?
-130
10 (base 11) to base 5
21
What is -1235 (base 6) in base 4?
-10313
2 (base 10) to base 6
2
What is 14 (base 14) in base 3?
200
-110002 (base 3) to base 12
-232
Convert -1 (base 12) to base 5.
-1
What is 1a (base 16) in base 11?
24
What is 2 (base 6) in base 4?
2
What is 1a6 (base 13) in base 12?
215
Convert -c (base 15) to b